47650272?
8
What is the hundreds digit of 25038807?
8
What is the ten thousands digit of 90388327?
8
What is the hundreds digit of 141161417?
4
What is the hundred thousands digit of 118127539?
1
What is the hundred thousands digit of 480570750?
5
What is the hundred thousands digit of 731601989?
6
What is the ten thousands digit of 1548693434?
9
What is the thousands digit of 1480141034?
1
What is the thousands digit of 76178650?
8
What is the hundred millions digit of 2104212571?
1
What is the hundred millions digit of 300133039?
3
What is the ten thousands digit of 25556018?
5
What is the tens digit of 52598243?
4
What is the hundred thousands digit of 48836162?
8
What is the ten millions digit of 386206508?
8
What is the millions digit of 129754538?
9
What is the tens digit of 296158124?
2
What is the ten thousands digit of 703823252?
2
What is the hundred thousands digit of 275015656?
0
What is the millions digit of 125318857?
5
What is the hundred thousands digit of 84054165?
0
What is the ten millions digit of 52620565?
5
What is the hundred thousands digit of 679552825?
5
What is the hundred thousands digit of 41360640?
3
What is the thousands digit of 1101306071?
6
What is the ten thousands digit of 68079343?
7
What is the ten thousands digit of 1150294588?
9
What is the millions digit of 471912447?
1
What is the ten thousands digit of 117462436?
6
What is the hundred thousands digit of 5726154626?
1
What is the hundreds digit of 1257586516?
5
What is the hundreds digit of 52631018?
0
What is the hundred thousands digit of 87715861?
7
What is the thousands digit of 1637403?
7
What is the hundreds digit of 31799093?
0
What is the ten thousands digit of 50893131?
9
What is the units digit of 858177055?
5
What is the units digit of 57227395?
5
What is the hundreds digit of 3530640056?
0
What is the units digit of 228824773?
3
What is the ten thousands digit of 441430641?
3
What is the units digit of 661768848?
8
What is the units digit of 5946114848?
8
What is the thousands digit of 30258896?
8
What is the units digit of 348043338?
8
What is the billions digit of 4662910175?
4
What is the ten millions digit of 263637662?
6
What is the ten thousands digit of 1512599103?
9
What is the tens digit of 42060437?
3
What is the thousands digit of 4355333294?
3
What is the hundred thousands digit of 336908253?
9
What is the ten thousands digit of 72204743?
0
What is the tens digit of 2171450402?
0
What is the thousands digit of 8958385?
8
What is the millions digit of 101475536?
1
What is the tens digit of 2725005?
0
What is the hundred thousands digit of 12253462?
2
What is the ten thousands digit of 252394626?
9
What is the millions digit of 1019137986?
9
What is the units digit of 907784723?
3
What is the thousands digit of 360637050?
7
What is the hundred thousands digit of 19016646?
0
What is the thousands digit of 3370653924?
3
What is the tens digit of 307129827?
2
What is the ten millions digit of 533375425?
3
What is the units digit of 24053628?
8
What is the tens digit of 70057687?
8
What is the hundred millions digit of 3614701510?
6
What is the units digit of 376707055?
5
What is the ten millions digit of 4171579147?
7
What is the thousands digit of 389871177?
1
What is the units digit of 4416303353?
3
What is the billions digit of 3302924119?
3
What is the ten thousands digit of 30662249?
6
What is the hundred thousands digit of 380118103?
1
What is the thousands digit of 146417586?
7
What is the millions digit of 8597629142?
7
What is the hundreds digit of 183283236?
2
What is the millions digit of 290401531?
0
What is the ten thousands digit of 104918064?
1
What is the ten millions digit of 271353847?
7
What is the units digit of 6502969?
9
What is the tens digit of 370316301?
0
What is the billions digit of 5829063787?
5
What is the hundred thousands digit of 42279914?
2
What is the ten millions digit of 16681315?
1
What is the ten millions digit of 271828694?
7
What is the ten millions digit of 153930259?
5
What is the ten thousands digit of 1103814378?
1
What is the thousands digit of 67319784?
9
What is the tens digit of 602020948?
4
What is the tens digit of 96248962?
6
What is the hundreds digit of 172453303?
3
What is the ten thousands digit of 33265906?
6
What is the hundred thousands digit of 123652064?
6
What is the millions digit of 4178600243?
8
What is the tens digit of 4573752913?
1
What is the hundred millions digit of 884038427?
8
What is the hundreds digit of 172896126?
1
What is the hundreds digit of 248078291?
2
What is the ten thousands digit of 16803719?
0
What is the hundreds digit of 350079833?
8
What is the ten thousands digit of 723096533?
9
What is the ten thousands digit of 47555591?
5
What is the hundred thousands digit of 885155375?
1
What is the millions digit of 744515589?
4
What is the ten thousands digit of 208483610?
8
What is the ten thousands digit of 108569177?
6
What is the tens digit of 1206617324?
2
What is the units digit of 30863840?
0
What is the hundreds digit of 76637053?
0
What is the tens digit of 98270032?
3
What is the thousands digit of 157776868?
6
What is the hundred millions digit of 2002017466?
0
What is the tens digit of 136061140?
4
What is the thousands digit of 3279167590?
7
What is the ten thousands digit of 21276326?
7
What is the thousands digit of 2902500856?
0
What is the thousands digit of 26773384?
3
What is the thousands digit of 630419653?
9
What is the tens digit of 10791999?
9
What is the hundred thousands digit of 24508490?
5
What is the thousands digit of 22286045?
6
What is the thousands digit of 312116523?
6
What is the millions digit of 2753540844?
3
What is the hundreds digit of 33705504?
5
What is the hundred millions digit of 113244389?
1
What is the ten millions digit of 478597331?
7
What is the hundred thousands digit of 35042951?
0
What is the thousands digit of 2017344255?
4
What is the tens digit of 104336532?
3
What is the hundreds digit of 994997156?
1
What is the hundreds digit of 162830088?
0
What is the tens digit of 820412162?
6
What is the ten millions digit of 618769094?
1
What is the hundred thousands digit of 264280303?
2
What is the tens digit of 203790208?
0
What is the units digit of 3217520558?
8
What is the hundred millions digit of 2299438827?
2
What is the hundred millions digit of 100033904?
1
What is the ten millions digit of 3928452138?
2
What is the units digit of 463005600?
0
What is the hundred millions digit of 512222703?
5
What is the billions digit of 1372916990?
1
What is the units digit of 91985129?
9
What is the hundreds digit of 83772095?
0
What is the millions digit of 44800212?
4
What is the ten thousands digit of 1062379508?
7
What is the hundred millions digit of 2518763459?
5
What is the ten millions digit of 200257157?
0
What is the ten thousands digit of 49849299?
4
What is the hundreds digit of 2106879338?
3
What is the hundred thousands digit of 167979759?
9
What is the ten millions digit of 263483660?
6
What is the millions digit of 284081826?
4
What is the thousands digit of 747128009?
8
What is the ten thousands digit of 548945128?
4
What is the ten millions digit of 3813514562?
1
What is the thousands digit of 98322997?
2
What is the hundred thousands digit of 257142495?
1
What is the tens digit of 409494903?
0
What is the hundred thousands digit of 21203728?
2
What is the ten millions digit of 162826416?
6
What is the billions digit of 1667159620?
1
What is the tens digit of 1296982614?
1
What is the hundreds digit of 3319067968?
9
What is the ten millions digit of 7094726540?
9
What is the hundreds digit of 35702583?
5
What is the billions digit of 6658809693?
6
What is the thousands digit of 93622419?
2
What is the thousands digit of 2873926965?
6
What is the units digit of 30875041?
1
What is the tens digit of 3030648618?
1
What is the hundreds digit of 43337611?
6
What is the ten thousands digit of 578851198?
5
What is the units digit of 354796521?
1
What is the thousands digit of 107423134?
3
What is the ten millions digit of 506725553?
0
What is the ten millions digit of 58125236?
5
What is the hundred thousands digit of 66015816?
0
What is the tens digit of 1322282837?
3
What is the tens digit of